{"id":246,"date":"2018-11-10T21:35:58","date_gmt":"2018-11-10T20:35:58","guid":{"rendered":"https:\/\/heizzeit.com\/wordpress\/?page_id=246"},"modified":"2018-11-10T22:03:19","modified_gmt":"2018-11-10T21:03:19","slug":"lieferservice","status":"publish","type":"page","link":"https:\/\/heizzeit.com\/wordpress\/lieferservice\/","title":{"rendered":"Lieferservice"},"content":{"rendered":"\t\t<div data-elementor-type=\"wp-post\" data-elementor-id=\"246\" class=\"elementor elementor-246 elementor-bc-flex-widget\">\n\t\t\t\t\t\t<div class=\"elementor-inner\">\n\t\t\t\t<div class=\"elementor-section-wrap\">\n\t\t\t\t\t\t\t\t\t<section class=\"elementor-section elementor-top-section elementor-element elementor-element-150cb13f elementor-section-boxed elementor-section-height-default elementor-section-height-default\" data-id=\"150cb13f\" data-element_type=\"section\">\n\t\t\t\t\t\t<div class=\"elementor-container elementor-column-gap-default\">\n\t\t\t\t\t\t\t<div class=\"elementor-row\">\n\t\t\t\t\t<div class=\"elementor-column elementor-col-50 elementor-top-column elementor-element elementor-element-521be188\" data-id=\"521be188\" data-element_type=\"column\">\n\t\t\t<div class=\"elementor-column-wrap elementor-element-populated\">\n\t\t\t\t\t\t\t<div class=\"elementor-widget-wrap\">\n\t\t\t\t\t\t<div class=\"elementor-element elementor-element-7aaddaac elementor-widget elementor-widget-text-editor\" data-id=\"7aaddaac\" data-element_type=\"widget\" data-widget_type=\"text-editor.default\">\n\t\t\t\t<div class=\"elementor-widget-container\">\n\t\t\t\t\t\t\t\t<div class=\"elementor-text-editor elementor-clearfix\">\n\t\t\t\t<p style=\"text-align: left;\"><span style=\"font-size: 18pt; color: #f3be08;\"><strong>Lieferbedingungen<br \/><\/strong><\/span><\/p><p style=\"text-align: left;\">\u00a0<\/p>\t\t\t\t\t<\/div>\n\t\t\t\t\t\t<\/div>\n\t\t\t\t<\/div>\n\t\t\t\t<div class=\"elementor-element elementor-element-7173fd27 elementor-widget elementor-widget-text-editor\" data-id=\"7173fd27\" data-element_type=\"widget\" data-widget_type=\"text-editor.default\">\n\t\t\t\t<div class=\"elementor-widget-container\">\n\t\t\t\t\t\t\t\t<div class=\"elementor-text-editor elementor-clearfix\">\n\t\t\t\t<p>Zur Auslieferung nutzen wir einen LKW (7,5-Tonnen) mit einem Ladevolumen von 10 Sch\u00fcttraummetern. Die Ladefl\u00e4che ist unterteilt in zwei Boxen mit einem Fassungsverm\u00f6gen von max. 5 Sch\u00fcttraummetern.<\/p><p>Alternativ ist die Lieferung mit PKW und Anh\u00e4nger m\u00f6glich. Hier betr\u00e4gt das maximale Ladevolumen 5 Sch\u00fcttraummeter. Die Lademenge ist abh\u00e4ngig von den \u00f6rtlichen Gegebenheiten.<\/p><p>Unsere Mindestliefermenge betr\u00e4gt 3 Sch\u00fcttraummeter. Kleinere Mengen bieten wir gerne zur Selbstabholung an. Bitte vereinbaren Sie unbedingt einen Abholtermin.<\/p><p>Unser Liefergebiet umfasst folgende Gemeinden und St\u00e4dte:\u00a0 Burbach, Neunkirchen, Wilnsdorf, Daaden, Herdorf, Netphen, Siegen, Mudersbach, Kreuztal, Hilchenbach, Freudenberg, Wenden, Olpe, Bad Marienberg, Rennerod, Haiger, Drolshagen, Meinerzhagen, L\u00fcdenscheid, etc. Sollte Ihr Wohnort nicht aufgef\u00fchrt sein, sprechen Sie uns bitte an.<\/p>\t\t\t\t\t<\/div>\n\t\t\t\t\t\t<\/div>\n\t\t\t\t<\/div>\n\t\t\t\t\t\t<\/div>\n\t\t\t\t\t<\/div>\n\t\t<\/div>\n\t\t\t\t<div class=\"elementor-column elementor-col-50 elementor-top-column elementor-element elementor-element-713942b6 animated-slow elementor-invisible\" data-id=\"713942b6\" data-element_type=\"column\" data-settings=\"{&quot;animation&quot;:&quot;fadeInRight&quot;,&quot;animation_delay&quot;:1000}\">\n\t\t\t<div class=\"elementor-column-wrap elementor-element-populated\">\n\t\t\t\t\t\t\t<div class=\"elementor-widget-wrap\">\n\t\t\t\t\t\t<div class=\"elementor-element elementor-element-2c03290b elementor-widget elementor-widget-image\" data-id=\"2c03290b\" data-element_type=\"widget\" data-widget_type=\"image.default\">\n\t\t\t\t<div class=\"elementor-widget-container\">\n\t\t\t\t\t\t\t\t<div class=\"elementor-image\">\n\t\t\t\t\t\t\t\t\t\t\t\t\t<a href=\"https:\/\/heizzeit.com\/wordpress\/wp-content\/uploads\/2018\/11\/LKW-1.jpg\" data-elementor-open-lightbox=\"yes\" data-elementor-lightbox-title=\"LKW\" e-action-hash=\"#elementor-action%3Aaction%3Dlightbox%26settings%3DeyJpZCI6MjUwLCJ1cmwiOiJodHRwczpcL1wvaGVpenplaXQuY29tXC93b3JkcHJlc3NcL3dwLWNvbnRlbnRcL3VwbG9hZHNcLzIwMThcLzExXC9MS1ctMS5qcGcifQ%3D%3D\">\n\t\t\t\t\t\t\t<img decoding=\"async\" width=\"768\" height=\"576\" src=\"https:\/\/heizzeit.com\/wordpress\/wp-content\/uploads\/2018\/11\/LKW-1-768x576.jpg\" class=\"attachment-medium_large size-medium_large wp-image-250\" alt=\"\" loading=\"lazy\" srcset=\"https:\/\/heizzeit.com\/wordpress\/wp-content\/uploads\/2018\/11\/LKW-1-768x576.jpg 768w, https:\/\/heizzeit.com\/wordpress\/wp-content\/uploads\/2018\/11\/LKW-1-300x225.jpg 300w, https:\/\/heizzeit.com\/wordpress\/wp-content\/uploads\/2018\/11\/LKW-1-1024x768.jpg 1024w, https:\/\/heizzeit.com\/wordpress\/wp-content\/uploads\/2018\/11\/LKW-1-1920x1440.jpg 1920w, https:\/\/heizzeit.com\/wordpress\/wp-content\/uploads\/2018\/11\/LKW-1-350x263.jpg 350w, https:\/\/heizzeit.com\/wordpress\/wp-content\/uploads\/2018\/11\/LKW-1-700x525.jpg 700w\" sizes=\"(max-width: 768px) 100vw, 768px\" \/>\t\t\t\t\t\t\t\t<\/a>\n\t\t\t\t\t\t\t\t\t\t\t\t\t\t<\/div>\n\t\t\t\t\t\t<\/div>\n\t\t\t\t<\/div>\n\t\t\t\t\t\t<\/div>\n\t\t\t\t\t<\/div>\n\t\t<\/div>\n\t\t\t\t\t\t\t\t<\/div>\n\t\t\t\t\t<\/div>\n\t\t<\/section>\n\t\t\t\t\t\t\t\t\t<\/div>\n\t\t\t<\/div>\n\t\t\t\t\t<\/div>\n\t\t","protected":false},"excerpt":{"rendered":"<p>Lieferbedingungen \u00a0 Zur Auslieferung nutzen wir einen LKW (7,5-Tonnen) mit einem Ladevolumen von 10 Sch\u00fcttraummetern. Die Ladefl\u00e4che ist unterteilt in&hellip;<\/p>\n","protected":false},"author":1,"featured_media":0,"parent":0,"menu_order":0,"comment_status":"closed","ping_status":"closed","template":"elementor_header_footer","meta":[],"_links":{"self":[{"href":"https:\/\/heizzeit.com\/wordpress\/wp-json\/wp\/v2\/pages\/246"}],"collection":[{"href":"https:\/\/heizzeit.com\/wordpress\/wp-json\/wp\/v2\/pages"}],"about":[{"href":"https:\/\/heizzeit.com\/wordpress\/wp-json\/wp\/v2\/types\/page"}],"author":[{"embeddable":true,"href":"https:\/\/heizzeit.com\/wordpress\/wp-json\/wp\/v2\/users\/1"}],"replies":[{"embeddable":true,"href":"https:\/\/heizzeit.com\/wordpress\/wp-json\/wp\/v2\/comments?post=246"}],"version-history":[{"count":3,"href":"https:\/\/heizzeit.com\/wordpress\/wp-json\/wp\/v2\/pages\/246\/revisions"}],"predecessor-version":[{"id":251,"href":"https:\/\/heizzeit.com\/wordpress\/wp-json\/wp\/v2\/pages\/246\/revisions\/251"}],"wp:attachment":[{"href":"https:\/\/heizzeit.com\/wordpress\/wp-json\/wp\/v2\/media?parent=246"}],"curies":[{"name":"wp","href":"https:\/\/api.w.org\/{rel}","templated":true}]}}